{"id":15918,"date":"2017-02-22T11:47:37","date_gmt":"2017-02-22T10:47:37","guid":{"rendered":"https:\/\/scensverige.se\/?page_id=15918\/"},"modified":"2017-04-06T13:57:12","modified_gmt":"2017-04-06T11:57:12","slug":"the-dissenting-opinion","status":"publish","type":"page","link":"https:\/\/scensverige.se\/en\/the-dissenting-opinion\/","title":{"rendered":"The dissenting opinion"},"content":{"rendered":"<h2>The dissenting opinion<br \/>\n(Den avvikande meningen)<\/h2>\n<p>Regionteater V\u00e4st<strong>Louis De Geer Konsert &amp; Kongress<br \/>\nHemerycksalen<br \/>\n<\/strong>Wednesday May 24, 17:30-18:25<br \/>\nThursday May 25, 17:30-18:25<br \/>\nFriday May 26, 14:30-15:25<em>Den avvikande meningen<\/em> is a classroom based performance about fascism. The audience is invited to follow its development from the French Revolution to the birth of fascism in 1919 and onwards through the turbulence of the 20<sup>th<\/sup> century.<\/p>\n<p>The performance provides the audience with the tools to identify and understand fascism. It explores whether the ideology disappeared with the collapse of the Third Rich, or if it still exists and continues to affect society today.<\/p>\n<p><em>Den avvikande meningen<\/em> also searches for traces of fascism in our time and guides the audience through confusing \u2018isms\u2019 and concepts.<\/p>\n<p>Two actors from Regionteater V\u00e4st performed the play at high schools in V\u00e4stra G\u00f6taland in the Autumn of 2015.<img decoding=\"async\" src=\"https:\/\/scensverige.se\/wp-content\/uploads\/2016\/11\/den-avvikande-meningen-webb.jpeg\" \/><\/p>\n<p style=\"text-align: right;\">Photo: Lina Ikse<\/p>\n<p>Director: Jens Peter Karlsson<br \/>\nCast: Jan Coster and Michael Engberg<\/p>\n<p><iframe loading=\"lazy\" src=\"https:\/\/www.google.com\/maps\/d\/embed?mid=108NR38to1Huy7eXyUmlz9HFVgjU\" width=\"640\" height=\"480\"><\/iframe><\/p>\n","protected":false},"excerpt":{"rendered":"<p>The dissenting opinion (Den avvikande meningen) Regionteater V\u00e4stLouis De Geer Konsert &amp; Kongress Hemerycksalen Wednesday May 24, 17:30-18:25 Thursday May 25, 17:30-18:25 Friday May 26, 14:30-15:25Den avvikande meningen is a classroom based performance about fascism. The audience is invited to follow its development from the French Revolution to the birth of fascism in 1919 and &hellip;<\/p>\n","protected":false},"author":9192198,"featured_media":15179,"parent":0,"menu_order":5,"comment_status":"closed","ping_status":"closed","template":"template-blank-4.php","meta":{"_acf_changed":false,"footnotes":""},"class_list":["post-15918","page","type-page","status-publish","has-post-thumbnail","hentry","post","with-featured-image"],"acf":[],"yoast_head":"<!-- This site is optimized with the Yoast SEO plugin v27.3 - https:\/\/yoast.com\/product\/yoast-seo-wordpress\/ -->\n<title>The dissenting opinion - Scensverige<\/title>\n<meta name=\"robots\" content=\"index, follow, max-snippet:-1, max-image-preview:large, max-video-preview:-1\" \/>\n<link rel=\"canonical\" href=\"https:\/\/scensverige.se\/en\/the-dissenting-opinion\/\" \/>\n<meta property=\"og:locale\" content=\"en_US\" \/>\n<meta property=\"og:type\" content=\"article\" \/>\n<meta property=\"og:title\" content=\"The dissenting opinion - Scensverige\" \/>\n<meta property=\"og:description\" content=\"The dissenting opinion (Den avvikande meningen) Regionteater V\u00e4stLouis De Geer Konsert &amp; Kongress Hemerycksalen Wednesday May 24, 17:30-18:25 Thursday May 25, 17:30-18:25 Friday May 26, 14:30-15:25Den avvikande meningen is a classroom based performance about fascism. The audience is invited to follow its development from the French Revolution to the birth of fascism in 1919 and &hellip;\" \/>\n<meta property=\"og:url\" content=\"https:\/\/scensverige.se\/en\/the-dissenting-opinion\/\" \/>\n<meta property=\"og:site_name\" content=\"Scensverige\" \/>\n<meta property=\"article:modified_time\" content=\"2017-04-06T11:57:12+00:00\" \/>\n<meta property=\"og:image\" content=\"https:\/\/scensverige.se\/wp-content\/uploads\/2016\/11\/den-avvikande-meningen-webb.jpeg\" \/>\n\t<meta property=\"og:image:width\" content=\"800\" \/>\n\t<meta property=\"og:image:height\" content=\"533\" \/>\n\t<meta property=\"og:image:type\" content=\"image\/jpeg\" \/>\n<meta name=\"twitter:card\" content=\"summary_large_image\" \/>\n<meta name=\"twitter:label1\" content=\"Est. reading time\" \/>\n\t<meta name=\"twitter:data1\" content=\"1 minute\" \/>\n<script type=\"application\/ld+json\" class=\"yoast-schema-graph\">{\"@context\":\"https:\\\/\\\/schema.org\",\"@graph\":[{\"@type\":\"WebPage\",\"@id\":\"https:\\\/\\\/scensverige.se\\\/en\\\/the-dissenting-opinion\\\/\",\"url\":\"https:\\\/\\\/scensverige.se\\\/en\\\/the-dissenting-opinion\\\/\",\"name\":\"The dissenting opinion - Scensverige\",\"isPartOf\":{\"@id\":\"https:\\\/\\\/scensverige.se\\\/#website\"},\"primaryImageOfPage\":{\"@id\":\"https:\\\/\\\/scensverige.se\\\/en\\\/the-dissenting-opinion\\\/#primaryimage\"},\"image\":{\"@id\":\"https:\\\/\\\/scensverige.se\\\/en\\\/the-dissenting-opinion\\\/#primaryimage\"},\"thumbnailUrl\":\"https:\\\/\\\/scensverige.se\\\/wp-content\\\/uploads\\\/2016\\\/11\\\/den-avvikande-meningen-webb.jpeg\",\"datePublished\":\"2017-02-22T10:47:37+00:00\",\"dateModified\":\"2017-04-06T11:57:12+00:00\",\"breadcrumb\":{\"@id\":\"https:\\\/\\\/scensverige.se\\\/en\\\/the-dissenting-opinion\\\/#breadcrumb\"},\"inLanguage\":\"en-US\",\"potentialAction\":[{\"@type\":\"ReadAction\",\"target\":[\"https:\\\/\\\/scensverige.se\\\/en\\\/the-dissenting-opinion\\\/\"]}]},{\"@type\":\"ImageObject\",\"inLanguage\":\"en-US\",\"@id\":\"https:\\\/\\\/scensverige.se\\\/en\\\/the-dissenting-opinion\\\/#primaryimage\",\"url\":\"https:\\\/\\\/scensverige.se\\\/wp-content\\\/uploads\\\/2016\\\/11\\\/den-avvikande-meningen-webb.jpeg\",\"contentUrl\":\"https:\\\/\\\/scensverige.se\\\/wp-content\\\/uploads\\\/2016\\\/11\\\/den-avvikande-meningen-webb.jpeg\",\"width\":800,\"height\":533},{\"@type\":\"BreadcrumbList\",\"@id\":\"https:\\\/\\\/scensverige.se\\\/en\\\/the-dissenting-opinion\\\/#breadcrumb\",\"itemListElement\":[{\"@type\":\"ListItem\",\"position\":1,\"name\":\"Hem\",\"item\":\"https:\\\/\\\/scensverige.se\\\/en\\\/\"},{\"@type\":\"ListItem\",\"position\":2,\"name\":\"The dissenting opinion\"}]},{\"@type\":\"WebSite\",\"@id\":\"https:\\\/\\\/scensverige.se\\\/#website\",\"url\":\"https:\\\/\\\/scensverige.se\\\/\",\"name\":\"Scensverige\",\"description\":\"M\u00f6tesplats f\u00f6r svensk och internationell scenkonst\",\"publisher\":{\"@id\":\"https:\\\/\\\/scensverige.se\\\/#organization\"},\"potentialAction\":[{\"@type\":\"SearchAction\",\"target\":{\"@type\":\"EntryPoint\",\"urlTemplate\":\"https:\\\/\\\/scensverige.se\\\/?s={search_term_string}\"},\"query-input\":{\"@type\":\"PropertyValueSpecification\",\"valueRequired\":true,\"valueName\":\"search_term_string\"}}],\"inLanguage\":\"en-US\"},{\"@type\":\"Organization\",\"@id\":\"https:\\\/\\\/scensverige.se\\\/#organization\",\"name\":\"Scensverige\",\"url\":\"https:\\\/\\\/scensverige.se\\\/\",\"logo\":{\"@type\":\"ImageObject\",\"inLanguage\":\"en-US\",\"@id\":\"https:\\\/\\\/scensverige.se\\\/#\\\/schema\\\/logo\\\/image\\\/\",\"url\":\"https:\\\/\\\/scensverige.se\\\/wp-content\\\/uploads\\\/2019\\\/01\\\/Scensverige_logotyp_800.png\",\"contentUrl\":\"https:\\\/\\\/scensverige.se\\\/wp-content\\\/uploads\\\/2019\\\/01\\\/Scensverige_logotyp_800.png\",\"width\":800,\"height\":186,\"caption\":\"Scensverige\"},\"image\":{\"@id\":\"https:\\\/\\\/scensverige.se\\\/#\\\/schema\\\/logo\\\/image\\\/\"}}]}<\/script>\n<!-- \/ Yoast SEO plugin. -->","yoast_head_json":{"title":"The dissenting opinion - Scensverige","robots":{"index":"index","follow":"follow","max-snippet":"max-snippet:-1","max-image-preview":"max-image-preview:large","max-video-preview":"max-video-preview:-1"},"canonical":"https:\/\/scensverige.se\/en\/the-dissenting-opinion\/","og_locale":"en_US","og_type":"article","og_title":"The dissenting opinion - Scensverige","og_description":"The dissenting opinion (Den avvikande meningen) Regionteater V\u00e4stLouis De Geer Konsert &amp; Kongress Hemerycksalen Wednesday May 24, 17:30-18:25 Thursday May 25, 17:30-18:25 Friday May 26, 14:30-15:25Den avvikande meningen is a classroom based performance about fascism. The audience is invited to follow its development from the French Revolution to the birth of fascism in 1919 and &hellip;","og_url":"https:\/\/scensverige.se\/en\/the-dissenting-opinion\/","og_site_name":"Scensverige","article_modified_time":"2017-04-06T11:57:12+00:00","og_image":[{"width":800,"height":533,"url":"https:\/\/scensverige.se\/wp-content\/uploads\/2016\/11\/den-avvikande-meningen-webb.jpeg","type":"image\/jpeg"}],"twitter_card":"summary_large_image","twitter_misc":{"Est. reading time":"1 minute"},"schema":{"@context":"https:\/\/schema.org","@graph":[{"@type":"WebPage","@id":"https:\/\/scensverige.se\/en\/the-dissenting-opinion\/","url":"https:\/\/scensverige.se\/en\/the-dissenting-opinion\/","name":"The dissenting opinion - Scensverige","isPartOf":{"@id":"https:\/\/scensverige.se\/#website"},"primaryImageOfPage":{"@id":"https:\/\/scensverige.se\/en\/the-dissenting-opinion\/#primaryimage"},"image":{"@id":"https:\/\/scensverige.se\/en\/the-dissenting-opinion\/#primaryimage"},"thumbnailUrl":"https:\/\/scensverige.se\/wp-content\/uploads\/2016\/11\/den-avvikande-meningen-webb.jpeg","datePublished":"2017-02-22T10:47:37+00:00","dateModified":"2017-04-06T11:57:12+00:00","breadcrumb":{"@id":"https:\/\/scensverige.se\/en\/the-dissenting-opinion\/#breadcrumb"},"inLanguage":"en-US","potentialAction":[{"@type":"ReadAction","target":["https:\/\/scensverige.se\/en\/the-dissenting-opinion\/"]}]},{"@type":"ImageObject","inLanguage":"en-US","@id":"https:\/\/scensverige.se\/en\/the-dissenting-opinion\/#primaryimage","url":"https:\/\/scensverige.se\/wp-content\/uploads\/2016\/11\/den-avvikande-meningen-webb.jpeg","contentUrl":"https:\/\/scensverige.se\/wp-content\/uploads\/2016\/11\/den-avvikande-meningen-webb.jpeg","width":800,"height":533},{"@type":"BreadcrumbList","@id":"https:\/\/scensverige.se\/en\/the-dissenting-opinion\/#breadcrumb","itemListElement":[{"@type":"ListItem","position":1,"name":"Hem","item":"https:\/\/scensverige.se\/en\/"},{"@type":"ListItem","position":2,"name":"The dissenting opinion"}]},{"@type":"WebSite","@id":"https:\/\/scensverige.se\/#website","url":"https:\/\/scensverige.se\/","name":"Scensverige","description":"M\u00f6tesplats f\u00f6r svensk och internationell scenkonst","publisher":{"@id":"https:\/\/scensverige.se\/#organization"},"potentialAction":[{"@type":"SearchAction","target":{"@type":"EntryPoint","urlTemplate":"https:\/\/scensverige.se\/?s={search_term_string}"},"query-input":{"@type":"PropertyValueSpecification","valueRequired":true,"valueName":"search_term_string"}}],"inLanguage":"en-US"},{"@type":"Organization","@id":"https:\/\/scensverige.se\/#organization","name":"Scensverige","url":"https:\/\/scensverige.se\/","logo":{"@type":"ImageObject","inLanguage":"en-US","@id":"https:\/\/scensverige.se\/#\/schema\/logo\/image\/","url":"https:\/\/scensverige.se\/wp-content\/uploads\/2019\/01\/Scensverige_logotyp_800.png","contentUrl":"https:\/\/scensverige.se\/wp-content\/uploads\/2019\/01\/Scensverige_logotyp_800.png","width":800,"height":186,"caption":"Scensverige"},"image":{"@id":"https:\/\/scensverige.se\/#\/schema\/logo\/image\/"}}]}},"_links":{"self":[{"href":"https:\/\/scensverige.se\/en\/wp-json\/wp\/v2\/pages\/15918","targetHints":{"allow":["GET"]}}],"collection":[{"href":"https:\/\/scensverige.se\/en\/wp-json\/wp\/v2\/pages"}],"about":[{"href":"https:\/\/scensverige.se\/en\/wp-json\/wp\/v2\/types\/page"}],"author":[{"embeddable":true,"href":"https:\/\/scensverige.se\/en\/wp-json\/wp\/v2\/users\/9192198"}],"replies":[{"embeddable":true,"href":"https:\/\/scensverige.se\/en\/wp-json\/wp\/v2\/comments?post=15918"}],"version-history":[{"count":5,"href":"https:\/\/scensverige.se\/en\/wp-json\/wp\/v2\/pages\/15918\/revisions"}],"predecessor-version":[{"id":17462,"href":"https:\/\/scensverige.se\/en\/wp-json\/wp\/v2\/pages\/15918\/revisions\/17462"}],"wp:featuredmedia":[{"embeddable":true,"href":"https:\/\/scensverige.se\/en\/wp-json\/wp\/v2\/media\/15179"}],"wp:attachment":[{"href":"https:\/\/scensverige.se\/en\/wp-json\/wp\/v2\/media?parent=15918"}],"curies":[{"name":"wp","href":"https:\/\/api.w.org\/{rel}","templated":true}]}}

<h2>The dissenting opinion<br />
(Den avvikande meningen)</h2>
<p>Regionteater Väst<strong>Louis De Geer Konsert &amp; Kongress<br />
Hemerycksalen<br />
</strong>Wednesday May 24, 17:30-18:25<br />
Thursday May 25, 17:30-18:25<br />
Friday May 26, 14:30-15:25<em>Den avvikande meningen</em> is a classroom based performance about fascism. The audience is invited to follow its development from the French Revolution to the birth of fascism in 1919 and onwards through the turbulence of the 20<sup>th</sup> century.</p>
<p>The performance provides the audience with the tools to identify and understand fascism. It explores whether the ideology disappeared with the collapse of the Third Rich, or if it still exists and continues to affect society today.</p>
<p><em>Den avvikande meningen</em> also searches for traces of fascism in our time and guides the audience through confusing ‘isms’ and concepts.</p>
<p>Two actors from Regionteater Väst performed the play at high schools in Västra Götaland in the Autumn of 2015.<img decoding="async" src="https://scensverige.se/wp-content/uploads/2016/11/den-avvikande-meningen-webb.jpeg" /></p>
<p style="text-align: right;">Photo: Lina Ikse</p>
<p>Director: Jens Peter Karlsson<br />
Cast: Jan Coster and Michael Engberg</p>
<p><iframe loading="lazy" src="https://www.google.com/maps/d/embed?mid=108NR38to1Huy7eXyUmlz9HFVgjU" width="640" height="480"></iframe></p>

<p>The dissenting opinion (Den avvikande meningen) Regionteater VästLouis De Geer Konsert &amp; Kongress Hemerycksalen Wednesday May 24, 17:30-18:25 Thursday May 25, 17:30-18:25 Friday May 26, 14:30-15:25Den avvikande meningen is a classroom based performance about fascism. The audience is invited to follow its development from the French Revolution to the birth of fascism in 1919 and &hellip;</p>

<!-- This site is optimized with the Yoast SEO plugin v27.3 - https://yoast.com/product/yoast-seo-wordpress/ -->
<title>The dissenting opinion - Scensverige</title>
<meta name="robots" content="index, follow, max-snippet:-1, max-image-preview:large, max-video-preview:-1" />
<link rel="canonical" href="https://scensverige.se/en/the-dissenting-opinion/" />
<meta property="og:locale" content="en_US" />
<meta property="og:type" content="article" />
<meta property="og:title" content="The dissenting opinion - Scensverige" />
<meta property="og:description" content="The dissenting opinion (Den avvikande meningen) Regionteater VästLouis De Geer Konsert &amp; Kongress Hemerycksalen Wednesday May 24, 17:30-18:25 Thursday May 25, 17:30-18:25 Friday May 26, 14:30-15:25Den avvikande meningen is a classroom based performance about fascism. The audience is invited to follow its development from the French Revolution to the birth of fascism in 1919 and &hellip;" />
<meta property="og:url" content="https://scensverige.se/en/the-dissenting-opinion/" />
<meta property="og:site_name" content="Scensverige" />
<meta property="article:modified_time" content="2017-04-06T11:57:12+00:00" />
<meta property="og:image" content="https://scensverige.se/wp-content/uploads/2016/11/den-avvikande-meningen-webb.jpeg" />
	<meta property="og:image:width" content="800" />
	<meta property="og:image:height" content="533" />
	<meta property="og:image:type" content="image/jpeg" />
<meta name="twitter:card" content="summary_large_image" />
<meta name="twitter:label1" content="Est. reading time" />
	<meta name="twitter:data1" content="1 minute" />
<script type="application/ld+json" class="yoast-schema-graph">{"@context":"https:\/\/schema.org","@graph":[{"@type":"WebPage","@id":"https:\/\/scensverige.se\/en\/the-dissenting-opinion\/","url":"https:\/\/scensverige.se\/en\/the-dissenting-opinion\/","name":"The dissenting opinion - Scensverige","isPartOf":{"@id":"https:\/\/scensverige.se\/#website"},"primaryImageOfPage":{"@id":"https:\/\/scensverige.se\/en\/the-dissenting-opinion\/#primaryimage"},"image":{"@id":"https:\/\/scensverige.se\/en\/the-dissenting-opinion\/#primaryimage"},"thumbnailUrl":"https:\/\/scensverige.se\/wp-content\/uploads\/2016\/11\/den-avvikande-meningen-webb.jpeg","datePublished":"2017-02-22T10:47:37+00:00","dateModified":"2017-04-06T11:57:12+00:00","breadcrumb":{"@id":"https:\/\/scensverige.se\/en\/the-dissenting-opinion\/#breadcrumb"},"inLanguage":"en-US","potentialAction":[{"@type":"ReadAction","target":["https:\/\/scensverige.se\/en\/the-dissenting-opinion\/"]}]},{"@type":"ImageObject","inLanguage":"en-US","@id":"https:\/\/scensverige.se\/en\/the-dissenting-opinion\/#primaryimage","url":"https:\/\/scensverige.se\/wp-content\/uploads\/2016\/11\/den-avvikande-meningen-webb.jpeg","contentUrl":"https:\/\/scensverige.se\/wp-content\/uploads\/2016\/11\/den-avvikande-meningen-webb.jpeg","width":800,"height":533},{"@type":"BreadcrumbList","@id":"https:\/\/scensverige.se\/en\/the-dissenting-opinion\/#breadcrumb","itemListElement":[{"@type":"ListItem","position":1,"name":"Hem","item":"https:\/\/scensverige.se\/en\/"},{"@type":"ListItem","position":2,"name":"The dissenting opinion"}]},{"@type":"WebSite","@id":"https:\/\/scensverige.se\/#website","url":"https:\/\/scensverige.se\/","name":"Scensverige","description":"Mötesplats för svensk och internationell scenkonst","publisher":{"@id":"https:\/\/scensverige.se\/#organization"},"potentialAction":[{"@type":"SearchAction","target":{"@type":"EntryPoint","urlTemplate":"https:\/\/scensverige.se\/?s={search_term_string}"},"query-input":{"@type":"PropertyValueSpecification","valueRequired":true,"valueName":"search_term_string"}}],"inLanguage":"en-US"},{"@type":"Organization","@id":"https:\/\/scensverige.se\/#organization","name":"Scensverige","url":"https:\/\/scensverige.se\/","logo":{"@type":"ImageObject","inLanguage":"en-US","@id":"https:\/\/scensverige.se\/#\/schema\/logo\/image\/","url":"https:\/\/scensverige.se\/wp-content\/uploads\/2019\/01\/Scensverige_logotyp_800.png","contentUrl":"https:\/\/scensverige.se\/wp-content\/uploads\/2019\/01\/Scensverige_logotyp_800.png","width":800,"height":186,"caption":"Scensverige"},"image":{"@id":"https:\/\/scensverige.se\/#\/schema\/logo\/image\/"}}]}</script>
<!-- / Yoast SEO plugin. -->

The dissenting opinion (Den avvikande meningen) Regionteater VästLouis De Geer Konsert &amp; Kongress Hemerycksalen Wednesday May 24, 17:30-18:25 Thursday May 25, 17:30-18:25 Friday May 26, 14:30-15:25Den avvikande meningen is a classroom based performance about fascism. The audience is invited to follow its development from the French Revolution to the birth of fascism in 1919 and &hellip;

Mötesplats för svensk och internationell scenkonst
