{"id":22628,"date":"2019-01-24T16:15:45","date_gmt":"2019-01-24T15:15:45","guid":{"rendered":"https:\/\/scensverige.se\/nar-vi-traffade-varann\/"},"modified":"2019-01-24T16:15:45","modified_gmt":"2019-01-24T15:15:45","slug":"nar-vi-traffade-varann","status":"publish","type":"page","link":"https:\/\/scensverige.se\/en\/nar-vi-traffade-varann\/","title":{"rendered":"N\u00e4r vi tr\u00e4ffade varann"},"content":{"rendered":"\n<h2 class=\"wp-block-heading\" style=\"text-align:center\">N\u00e4r vi tr\u00e4ffade varann\/Riksteatern<\/h2>\n\n\n\n<div class=\"wp-block-image\"><figure class=\"aligncenter is-resized\"><img loading=\"lazy\" decoding=\"async\" src=\"https:\/\/scensverige.se\/wp-content\/uploads\/2019\/01\/Nar-vi-traffade-varann-foto-Anna-Huerta-768x1024.jpg\" alt=\"\" class=\"wp-image-21426\" width=\"430\" height=\"573\" srcset=\"https:\/\/scensverige.se\/wp-content\/uploads\/2019\/01\/Nar-vi-traffade-varann-foto-Anna-Huerta-768x1024.jpg 768w, https:\/\/scensverige.se\/wp-content\/uploads\/2019\/01\/Nar-vi-traffade-varann-foto-Anna-Huerta-225x300.jpg 225w, https:\/\/scensverige.se\/wp-content\/uploads\/2019\/01\/Nar-vi-traffade-varann-foto-Anna-Huerta-1200x1600.jpg 1200w, https:\/\/scensverige.se\/wp-content\/uploads\/2019\/01\/Nar-vi-traffade-varann-foto-Anna-Huerta-1400x1866.jpg 1400w, https:\/\/scensverige.se\/wp-content\/uploads\/2019\/01\/Nar-vi-traffade-varann-foto-Anna-Huerta-300x400.jpg 300w\" sizes=\"auto, (max-width: 430px) 100vw, 430px\" \/><figcaption>Foto: Anna Huerta<\/figcaption><\/figure><\/div>\n\n\n\n<p><strong>A warm drama about the necessity never to leave each other alone.<\/strong><strong><\/strong><\/p>\n\n\n\n<p>How did you meet your best friend? Eivor and\nAbdu meet in snowfall. She asks him to leave her alone. He doesn\u2019t. An\nunexpected friendship arises, and gradually their lives change. Nothing will\never be the same again. Perhaps they met when they needed it most? This is a\nwarm drama about necessary friendship. The performance is based on true stories\ncollected from across Sweden. Starring Gunilla Larsson as Eivor and Robert\nHannouch as Abdu. <\/p>\n\n\n\n<p class=\"has-normal-font-size\"><strong>By:<\/strong> Joakim Rind\u00e5 &amp; Ninna Tersman                    <br><strong>Director:<\/strong> Joakim Rind\u00e5 <br><strong>Cast:<\/strong> Gunilla Larsson som Eivor och Dilan Amin som Abdu                      <br><strong>Set and costume:<\/strong> Johanna M\u00e5rtensson                    <br><strong>Music and sound design:<\/strong> Cicely Irvine                    <br><strong>Light: <\/strong>Jenni Aho                    <br><strong>Artistic advice:<\/strong> Ahmad Al Zeeb, Mahmoud Al Zeeb, Rahaf Alkurdi, Yas K Rashed <br><strong>Mask:<\/strong> Linda Goncalves<br><strong>Producer:<\/strong> Riksteatern                      <br>             <\/p>\n","protected":false},"excerpt":{"rendered":"<p>N\u00e4r vi tr\u00e4ffade varann\/Riksteatern A warm drama about the necessity never to leave each other alone. How did you meet your best friend? Eivor and Abdu meet in snowfall. She asks him to leave her alone. He doesn\u2019t. An unexpected friendship arises, and gradually their lives change. Nothing will ever be the same again. Perhaps &hellip;<\/p>\n","protected":false},"author":9192198,"featured_media":0,"parent":0,"menu_order":0,"comment_status":"closed","ping_status":"closed","template":"","meta":{"_acf_changed":false,"footnotes":""},"class_list":["post-22628","page","type-page","status-publish","hentry","post","without-featured-image"],"acf":[],"yoast_head":"<!-- This site is optimized with the Yoast SEO plugin v27.3 - https:\/\/yoast.com\/product\/yoast-seo-wordpress\/ -->\n<title>N\u00e4r vi tr\u00e4ffade varann - Scensverige<\/title>\n<meta name=\"robots\" content=\"index, follow, max-snippet:-1, max-image-preview:large, max-video-preview:-1\" \/>\n<link rel=\"canonical\" href=\"https:\/\/scensverige.se\/en\/nar-vi-traffade-varann\/\" \/>\n<meta property=\"og:locale\" content=\"en_US\" \/>\n<meta property=\"og:type\" content=\"article\" \/>\n<meta property=\"og:title\" content=\"N\u00e4r vi tr\u00e4ffade varann - Scensverige\" \/>\n<meta property=\"og:description\" content=\"N\u00e4r vi tr\u00e4ffade varann\/Riksteatern A warm drama about the necessity never to leave each other alone. How did you meet your best friend? Eivor and Abdu meet in snowfall. She asks him to leave her alone. He doesn\u2019t. An unexpected friendship arises, and gradually their lives change. Nothing will ever be the same again. Perhaps &hellip;\" \/>\n<meta property=\"og:url\" content=\"https:\/\/scensverige.se\/en\/nar-vi-traffade-varann\/\" \/>\n<meta property=\"og:site_name\" content=\"Scensverige\" \/>\n<meta property=\"og:image\" content=\"https:\/\/scensverige.se\/wp-content\/uploads\/2019\/01\/Nar-vi-traffade-varann-foto-Anna-Huerta-768x1024.jpg\" \/>\n<meta name=\"twitter:card\" content=\"summary_large_image\" \/>\n<meta name=\"twitter:label1\" content=\"Est. reading time\" \/>\n\t<meta name=\"twitter:data1\" content=\"1 minute\" \/>\n<script type=\"application\/ld+json\" class=\"yoast-schema-graph\">{\"@context\":\"https:\\\/\\\/schema.org\",\"@graph\":[{\"@type\":\"WebPage\",\"@id\":\"https:\\\/\\\/scensverige.se\\\/en\\\/nar-vi-traffade-varann\\\/\",\"url\":\"https:\\\/\\\/scensverige.se\\\/en\\\/nar-vi-traffade-varann\\\/\",\"name\":\"N\u00e4r vi tr\u00e4ffade varann - Scensverige\",\"isPartOf\":{\"@id\":\"https:\\\/\\\/scensverige.se\\\/#website\"},\"primaryImageOfPage\":{\"@id\":\"https:\\\/\\\/scensverige.se\\\/en\\\/nar-vi-traffade-varann\\\/#primaryimage\"},\"image\":{\"@id\":\"https:\\\/\\\/scensverige.se\\\/en\\\/nar-vi-traffade-varann\\\/#primaryimage\"},\"thumbnailUrl\":\"https:\\\/\\\/scensverige.se\\\/wp-content\\\/uploads\\\/2019\\\/01\\\/Nar-vi-traffade-varann-foto-Anna-Huerta-768x1024.jpg\",\"datePublished\":\"2019-01-24T15:15:45+00:00\",\"breadcrumb\":{\"@id\":\"https:\\\/\\\/scensverige.se\\\/en\\\/nar-vi-traffade-varann\\\/#breadcrumb\"},\"inLanguage\":\"en-US\",\"potentialAction\":[{\"@type\":\"ReadAction\",\"target\":[\"https:\\\/\\\/scensverige.se\\\/en\\\/nar-vi-traffade-varann\\\/\"]}]},{\"@type\":\"ImageObject\",\"inLanguage\":\"en-US\",\"@id\":\"https:\\\/\\\/scensverige.se\\\/en\\\/nar-vi-traffade-varann\\\/#primaryimage\",\"url\":\"https:\\\/\\\/scensverige.se\\\/wp-content\\\/uploads\\\/2019\\\/01\\\/Nar-vi-traffade-varann-foto-Anna-Huerta-768x1024.jpg\",\"contentUrl\":\"https:\\\/\\\/scensverige.se\\\/wp-content\\\/uploads\\\/2019\\\/01\\\/Nar-vi-traffade-varann-foto-Anna-Huerta-768x1024.jpg\"},{\"@type\":\"BreadcrumbList\",\"@id\":\"https:\\\/\\\/scensverige.se\\\/en\\\/nar-vi-traffade-varann\\\/#breadcrumb\",\"itemListElement\":[{\"@type\":\"ListItem\",\"position\":1,\"name\":\"Hem\",\"item\":\"https:\\\/\\\/scensverige.se\\\/en\\\/\"},{\"@type\":\"ListItem\",\"position\":2,\"name\":\"N\u00e4r vi tr\u00e4ffade varann\"}]},{\"@type\":\"WebSite\",\"@id\":\"https:\\\/\\\/scensverige.se\\\/#website\",\"url\":\"https:\\\/\\\/scensverige.se\\\/\",\"name\":\"Scensverige\",\"description\":\"M\u00f6tesplats f\u00f6r svensk och internationell scenkonst\",\"publisher\":{\"@id\":\"https:\\\/\\\/scensverige.se\\\/#organization\"},\"potentialAction\":[{\"@type\":\"SearchAction\",\"target\":{\"@type\":\"EntryPoint\",\"urlTemplate\":\"https:\\\/\\\/scensverige.se\\\/?s={search_term_string}\"},\"query-input\":{\"@type\":\"PropertyValueSpecification\",\"valueRequired\":true,\"valueName\":\"search_term_string\"}}],\"inLanguage\":\"en-US\"},{\"@type\":\"Organization\",\"@id\":\"https:\\\/\\\/scensverige.se\\\/#organization\",\"name\":\"Scensverige\",\"url\":\"https:\\\/\\\/scensverige.se\\\/\",\"logo\":{\"@type\":\"ImageObject\",\"inLanguage\":\"en-US\",\"@id\":\"https:\\\/\\\/scensverige.se\\\/#\\\/schema\\\/logo\\\/image\\\/\",\"url\":\"https:\\\/\\\/scensverige.se\\\/wp-content\\\/uploads\\\/2019\\\/01\\\/Scensverige_logotyp_800.png\",\"contentUrl\":\"https:\\\/\\\/scensverige.se\\\/wp-content\\\/uploads\\\/2019\\\/01\\\/Scensverige_logotyp_800.png\",\"width\":800,\"height\":186,\"caption\":\"Scensverige\"},\"image\":{\"@id\":\"https:\\\/\\\/scensverige.se\\\/#\\\/schema\\\/logo\\\/image\\\/\"}}]}<\/script>\n<!-- \/ Yoast SEO plugin. -->","yoast_head_json":{"title":"N\u00e4r vi tr\u00e4ffade varann - Scensverige","robots":{"index":"index","follow":"follow","max-snippet":"max-snippet:-1","max-image-preview":"max-image-preview:large","max-video-preview":"max-video-preview:-1"},"canonical":"https:\/\/scensverige.se\/en\/nar-vi-traffade-varann\/","og_locale":"en_US","og_type":"article","og_title":"N\u00e4r vi tr\u00e4ffade varann - Scensverige","og_description":"N\u00e4r vi tr\u00e4ffade varann\/Riksteatern A warm drama about the necessity never to leave each other alone. How did you meet your best friend? Eivor and Abdu meet in snowfall. She asks him to leave her alone. He doesn\u2019t. An unexpected friendship arises, and gradually their lives change. Nothing will ever be the same again. Perhaps &hellip;","og_url":"https:\/\/scensverige.se\/en\/nar-vi-traffade-varann\/","og_site_name":"Scensverige","og_image":[{"url":"https:\/\/scensverige.se\/wp-content\/uploads\/2019\/01\/Nar-vi-traffade-varann-foto-Anna-Huerta-768x1024.jpg","type":"","width":"","height":""}],"twitter_card":"summary_large_image","twitter_misc":{"Est. reading time":"1 minute"},"schema":{"@context":"https:\/\/schema.org","@graph":[{"@type":"WebPage","@id":"https:\/\/scensverige.se\/en\/nar-vi-traffade-varann\/","url":"https:\/\/scensverige.se\/en\/nar-vi-traffade-varann\/","name":"N\u00e4r vi tr\u00e4ffade varann - Scensverige","isPartOf":{"@id":"https:\/\/scensverige.se\/#website"},"primaryImageOfPage":{"@id":"https:\/\/scensverige.se\/en\/nar-vi-traffade-varann\/#primaryimage"},"image":{"@id":"https:\/\/scensverige.se\/en\/nar-vi-traffade-varann\/#primaryimage"},"thumbnailUrl":"https:\/\/scensverige.se\/wp-content\/uploads\/2019\/01\/Nar-vi-traffade-varann-foto-Anna-Huerta-768x1024.jpg","datePublished":"2019-01-24T15:15:45+00:00","breadcrumb":{"@id":"https:\/\/scensverige.se\/en\/nar-vi-traffade-varann\/#breadcrumb"},"inLanguage":"en-US","potentialAction":[{"@type":"ReadAction","target":["https:\/\/scensverige.se\/en\/nar-vi-traffade-varann\/"]}]},{"@type":"ImageObject","inLanguage":"en-US","@id":"https:\/\/scensverige.se\/en\/nar-vi-traffade-varann\/#primaryimage","url":"https:\/\/scensverige.se\/wp-content\/uploads\/2019\/01\/Nar-vi-traffade-varann-foto-Anna-Huerta-768x1024.jpg","contentUrl":"https:\/\/scensverige.se\/wp-content\/uploads\/2019\/01\/Nar-vi-traffade-varann-foto-Anna-Huerta-768x1024.jpg"},{"@type":"BreadcrumbList","@id":"https:\/\/scensverige.se\/en\/nar-vi-traffade-varann\/#breadcrumb","itemListElement":[{"@type":"ListItem","position":1,"name":"Hem","item":"https:\/\/scensverige.se\/en\/"},{"@type":"ListItem","position":2,"name":"N\u00e4r vi tr\u00e4ffade varann"}]},{"@type":"WebSite","@id":"https:\/\/scensverige.se\/#website","url":"https:\/\/scensverige.se\/","name":"Scensverige","description":"M\u00f6tesplats f\u00f6r svensk och internationell scenkonst","publisher":{"@id":"https:\/\/scensverige.se\/#organization"},"potentialAction":[{"@type":"SearchAction","target":{"@type":"EntryPoint","urlTemplate":"https:\/\/scensverige.se\/?s={search_term_string}"},"query-input":{"@type":"PropertyValueSpecification","valueRequired":true,"valueName":"search_term_string"}}],"inLanguage":"en-US"},{"@type":"Organization","@id":"https:\/\/scensverige.se\/#organization","name":"Scensverige","url":"https:\/\/scensverige.se\/","logo":{"@type":"ImageObject","inLanguage":"en-US","@id":"https:\/\/scensverige.se\/#\/schema\/logo\/image\/","url":"https:\/\/scensverige.se\/wp-content\/uploads\/2019\/01\/Scensverige_logotyp_800.png","contentUrl":"https:\/\/scensverige.se\/wp-content\/uploads\/2019\/01\/Scensverige_logotyp_800.png","width":800,"height":186,"caption":"Scensverige"},"image":{"@id":"https:\/\/scensverige.se\/#\/schema\/logo\/image\/"}}]}},"_links":{"self":[{"href":"https:\/\/scensverige.se\/en\/wp-json\/wp\/v2\/pages\/22628","targetHints":{"allow":["GET"]}}],"collection":[{"href":"https:\/\/scensverige.se\/en\/wp-json\/wp\/v2\/pages"}],"about":[{"href":"https:\/\/scensverige.se\/en\/wp-json\/wp\/v2\/types\/page"}],"author":[{"embeddable":true,"href":"https:\/\/scensverige.se\/en\/wp-json\/wp\/v2\/users\/9192198"}],"replies":[{"embeddable":true,"href":"https:\/\/scensverige.se\/en\/wp-json\/wp\/v2\/comments?post=22628"}],"version-history":[{"count":0,"href":"https:\/\/scensverige.se\/en\/wp-json\/wp\/v2\/pages\/22628\/revisions"}],"wp:attachment":[{"href":"https:\/\/scensverige.se\/en\/wp-json\/wp\/v2\/media?parent=22628"}],"curies":[{"name":"wp","href":"https:\/\/api.w.org\/{rel}","templated":true}]}}

När vi träffade varann

<h2 class="wp-block-heading" style="text-align:center">När vi träffade varann/Riksteatern</h2>



<div class="wp-block-image"><figure class="aligncenter is-resized"><img loading="lazy" decoding="async" src="https://scensverige.se/wp-content/uploads/2019/01/Nar-vi-traffade-varann-foto-Anna-Huerta-768x1024.jpg" alt="" class="wp-image-21426" width="430" height="573" srcset="https://scensverige.se/wp-content/uploads/2019/01/Nar-vi-traffade-varann-foto-Anna-Huerta-768x1024.jpg 768w, https://scensverige.se/wp-content/uploads/2019/01/Nar-vi-traffade-varann-foto-Anna-Huerta-225x300.jpg 225w, https://scensverige.se/wp-content/uploads/2019/01/Nar-vi-traffade-varann-foto-Anna-Huerta-1200x1600.jpg 1200w, https://scensverige.se/wp-content/uploads/2019/01/Nar-vi-traffade-varann-foto-Anna-Huerta-1400x1866.jpg 1400w, https://scensverige.se/wp-content/uploads/2019/01/Nar-vi-traffade-varann-foto-Anna-Huerta-300x400.jpg 300w" sizes="auto, (max-width: 430px) 100vw, 430px" /><figcaption>Foto: Anna Huerta</figcaption></figure></div>



<p><strong>A warm drama about the necessity never to leave each other alone.</strong><strong></strong></p>



<p>How did you meet your best friend? Eivor and
Abdu meet in snowfall. She asks him to leave her alone. He doesn’t. An
unexpected friendship arises, and gradually their lives change. Nothing will
ever be the same again. Perhaps they met when they needed it most? This is a
warm drama about necessary friendship. The performance is based on true stories
collected from across Sweden. Starring Gunilla Larsson as Eivor and Robert
Hannouch as Abdu. </p>



<p class="has-normal-font-size"><strong>By:</strong> Joakim Rindå &amp; Ninna Tersman                    <br><strong>Director:</strong> Joakim Rindå <br><strong>Cast:</strong> Gunilla Larsson som Eivor och Dilan Amin som Abdu                      <br><strong>Set and costume:</strong> Johanna Mårtensson                    <br><strong>Music and sound design:</strong> Cicely Irvine                    <br><strong>Light: </strong>Jenni Aho                    <br><strong>Artistic advice:</strong> Ahmad Al Zeeb, Mahmoud Al Zeeb, Rahaf Alkurdi, Yas K Rashed <br><strong>Mask:</strong> Linda Goncalves<br><strong>Producer:</strong> Riksteatern                      <br>             </p>

<p>När vi träffade varann/Riksteatern A warm drama about the necessity never to leave each other alone. How did you meet your best friend? Eivor and Abdu meet in snowfall. She asks him to leave her alone. He doesn’t. An unexpected friendship arises, and gradually their lives change. Nothing will ever be the same again. Perhaps &hellip;</p>

<!-- This site is optimized with the Yoast SEO plugin v27.3 - https://yoast.com/product/yoast-seo-wordpress/ -->
<title>När vi träffade varann - Scensverige</title>
<meta name="robots" content="index, follow, max-snippet:-1, max-image-preview:large, max-video-preview:-1" />
<link rel="canonical" href="https://scensverige.se/en/nar-vi-traffade-varann/" />
<meta property="og:locale" content="en_US" />
<meta property="og:type" content="article" />
<meta property="og:title" content="När vi träffade varann - Scensverige" />
<meta property="og:description" content="När vi träffade varann/Riksteatern A warm drama about the necessity never to leave each other alone. How did you meet your best friend? Eivor and Abdu meet in snowfall. She asks him to leave her alone. He doesn’t. An unexpected friendship arises, and gradually their lives change. Nothing will ever be the same again. Perhaps &hellip;" />
<meta property="og:url" content="https://scensverige.se/en/nar-vi-traffade-varann/" />
<meta property="og:site_name" content="Scensverige" />
<meta property="og:image" content="https://scensverige.se/wp-content/uploads/2019/01/Nar-vi-traffade-varann-foto-Anna-Huerta-768x1024.jpg" />
<meta name="twitter:card" content="summary_large_image" />
<meta name="twitter:label1" content="Est. reading time" />
	<meta name="twitter:data1" content="1 minute" />
<script type="application/ld+json" class="yoast-schema-graph">{"@context":"https:\/\/schema.org","@graph":[{"@type":"WebPage","@id":"https:\/\/scensverige.se\/en\/nar-vi-traffade-varann\/","url":"https:\/\/scensverige.se\/en\/nar-vi-traffade-varann\/","name":"När vi träffade varann - Scensverige","isPartOf":{"@id":"https:\/\/scensverige.se\/#website"},"primaryImageOfPage":{"@id":"https:\/\/scensverige.se\/en\/nar-vi-traffade-varann\/#primaryimage"},"image":{"@id":"https:\/\/scensverige.se\/en\/nar-vi-traffade-varann\/#primaryimage"},"thumbnailUrl":"https:\/\/scensverige.se\/wp-content\/uploads\/2019\/01\/Nar-vi-traffade-varann-foto-Anna-Huerta-768x1024.jpg","datePublished":"2019-01-24T15:15:45+00:00","breadcrumb":{"@id":"https:\/\/scensverige.se\/en\/nar-vi-traffade-varann\/#breadcrumb"},"inLanguage":"en-US","potentialAction":[{"@type":"ReadAction","target":["https:\/\/scensverige.se\/en\/nar-vi-traffade-varann\/"]}]},{"@type":"ImageObject","inLanguage":"en-US","@id":"https:\/\/scensverige.se\/en\/nar-vi-traffade-varann\/#primaryimage","url":"https:\/\/scensverige.se\/wp-content\/uploads\/2019\/01\/Nar-vi-traffade-varann-foto-Anna-Huerta-768x1024.jpg","contentUrl":"https:\/\/scensverige.se\/wp-content\/uploads\/2019\/01\/Nar-vi-traffade-varann-foto-Anna-Huerta-768x1024.jpg"},{"@type":"BreadcrumbList","@id":"https:\/\/scensverige.se\/en\/nar-vi-traffade-varann\/#breadcrumb","itemListElement":[{"@type":"ListItem","position":1,"name":"Hem","item":"https:\/\/scensverige.se\/en\/"},{"@type":"ListItem","position":2,"name":"När vi träffade varann"}]},{"@type":"WebSite","@id":"https:\/\/scensverige.se\/#website","url":"https:\/\/scensverige.se\/","name":"Scensverige","description":"Mötesplats för svensk och internationell scenkonst","publisher":{"@id":"https:\/\/scensverige.se\/#organization"},"potentialAction":[{"@type":"SearchAction","target":{"@type":"EntryPoint","urlTemplate":"https:\/\/scensverige.se\/?s={search_term_string}"},"query-input":{"@type":"PropertyValueSpecification","valueRequired":true,"valueName":"search_term_string"}}],"inLanguage":"en-US"},{"@type":"Organization","@id":"https:\/\/scensverige.se\/#organization","name":"Scensverige","url":"https:\/\/scensverige.se\/","logo":{"@type":"ImageObject","inLanguage":"en-US","@id":"https:\/\/scensverige.se\/#\/schema\/logo\/image\/","url":"https:\/\/scensverige.se\/wp-content\/uploads\/2019\/01\/Scensverige_logotyp_800.png","contentUrl":"https:\/\/scensverige.se\/wp-content\/uploads\/2019\/01\/Scensverige_logotyp_800.png","width":800,"height":186,"caption":"Scensverige"},"image":{"@id":"https:\/\/scensverige.se\/#\/schema\/logo\/image\/"}}]}</script>
<!-- / Yoast SEO plugin. -->

När vi träffade varann - Scensverige

När vi träffade varann/Riksteatern A warm drama about the necessity never to leave each other alone. How did you meet your best friend? Eivor and Abdu meet in snowfall. She asks him to leave her alone. He doesn’t. An unexpected friendship arises, and gradually their lives change. Nothing will ever be the same again. Perhaps &hellip;

Mötesplats för svensk och internationell scenkonst
