{"id":28033,"date":"2021-07-01T17:12:08","date_gmt":"2021-07-01T15:12:08","guid":{"rendered":"https:\/\/scensverige.se\/?page_id=28033"},"modified":"2022-08-25T17:01:22","modified_gmt":"2022-08-25T15:01:22","slug":"the-swedish-biennial-for-performing-arts-2022","status":"publish","type":"page","link":"https:\/\/scensverige.se\/en\/the-swedish-biennial-for-performing-arts-2022\/","title":{"rendered":"The Swedish Biennial for Performing Arts 2022"},"content":{"rendered":"<div class=\"wp-block-scensverige-image wp-block-scensverige-image\"><div class=\"wp-block-scensverige-image__keep wp-block-scensverige-image__keep--image wp-block-scensverige-image__keep--center-center\" style=\"padding-top: 56.341463414634%\"><img srcset=\"https:\/\/scensverige.se\/wp-content\/uploads\/2022\/02\/SCENKONSTBIENNALEN-Banner-1024x577.png 1024w, https:\/\/scensverige.se\/wp-content\/uploads\/2022\/02\/SCENKONSTBIENNALEN-Banner-300x169.png 300w, https:\/\/scensverige.se\/wp-content\/uploads\/2022\/02\/SCENKONSTBIENNALEN-Banner-768x433.png 768w, https:\/\/scensverige.se\/wp-content\/uploads\/2022\/02\/SCENKONSTBIENNALEN-Banner-1536x865.png 1536w, https:\/\/scensverige.se\/wp-content\/uploads\/2022\/02\/SCENKONSTBIENNALEN-Banner-1200x676.png 1200w, https:\/\/scensverige.se\/wp-content\/uploads\/2022\/02\/SCENKONSTBIENNALEN-Banner-1400x789.png 1400w, https:\/\/scensverige.se\/wp-content\/uploads\/2022\/02\/SCENKONSTBIENNALEN-Banner.png 1640w\" alt=\"\" class=\"wp-block-scensverige-image__image wp-image-28786\" loading=\"lazy\" \/><\/div><\/div>\n\n\n<h2 class=\"has-text-align-center wp-block-heading\">Swedish Performing Arts Coalition and V\u00e4stmanlands Teater is inviting you to V\u00e4ster\u00e5s in 2022! <\/h2>\n\n\n\n<p>Summer still feels far away, but we work as the most diligent summer bees so that we can meet in V\u00e4ster\u00e5s in June. The week will be an opportunity to meet, talk, enjoy superb performing arts, share experiences, take part in seminars and not least, gather for festivities!<\/p>\n\n\n\n<p>The jury has worked hard to select the best and most interesting that has been shown on the stages throughout the country. The biennial includes, in addition to the selected performances, seminars, talks, workshops and international guest performances.<\/p>\n\n\n\n<p>The Performing Arts Biennale is an event that breaks social boundaries, sees the whole country as its audience and where the performing arts become a party for everyone!<\/p>\n\n\n\n<p>See you on June 7-12 in V\u00e4ster\u00e5s!<\/p>\n\n\n\n<p><a href=\"https:\/\/scensverige.se\/scenkonstbiennalen\/utvalda-produktioner-scenkonstbiennalen-2022\/\">Selected performances (in Swedish)<\/a><\/p>\n\n\n\n<p><a href=\"https:\/\/scensverige.se\/en\/international-guest-performance\/\">The Garden, Nichole Canuso Dance Company &#8211; International Guest Perfomance<\/a><\/p>\n\n\n\n<p>Please contact us if you need more information: <a href=\"mailto:biennal@scensverige.se\">biennal@scensverige.se<\/a><\/p>\n","protected":false},"excerpt":{"rendered":"<p>Swedish Performing Arts Coalition and V\u00e4stmanlands Teater is inviting you to V\u00e4ster\u00e5s in 2022! Summer still feels far away, but we work as the most diligent summer bees so that we can meet in V\u00e4ster\u00e5s in June. The week will be an opportunity to meet, talk, enjoy superb performing arts, share experiences, take part in &hellip;<\/p>\n","protected":false},"author":9192198,"featured_media":0,"parent":0,"menu_order":0,"comment_status":"closed","ping_status":"closed","template":"","meta":{"_acf_changed":false,"footnotes":""},"class_list":["post-28033","page","type-page","status-publish","hentry","post","without-featured-image"],"acf":[],"yoast_head":"<!-- This site is optimized with the Yoast SEO plugin v27.3 - https:\/\/yoast.com\/product\/yoast-seo-wordpress\/ -->\n<title>The Swedish Biennial for Performing Arts 2022 - Scensverige<\/title>\n<meta name=\"robots\" content=\"index, follow, max-snippet:-1, max-image-preview:large, max-video-preview:-1\" \/>\n<link rel=\"canonical\" href=\"https:\/\/scensverige.se\/en\/the-swedish-biennial-for-performing-arts-2022\/\" \/>\n<meta property=\"og:locale\" content=\"en_US\" \/>\n<meta property=\"og:type\" content=\"article\" \/>\n<meta property=\"og:title\" content=\"The Swedish Biennial for Performing Arts 2022 - Scensverige\" \/>\n<meta property=\"og:description\" content=\"Swedish Performing Arts Coalition and V\u00e4stmanlands Teater is inviting you to V\u00e4ster\u00e5s in 2022! Summer still feels far away, but we work as the most diligent summer bees so that we can meet in V\u00e4ster\u00e5s in June. The week will be an opportunity to meet, talk, enjoy superb performing arts, share experiences, take part in &hellip;\" \/>\n<meta property=\"og:url\" content=\"https:\/\/scensverige.se\/en\/the-swedish-biennial-for-performing-arts-2022\/\" \/>\n<meta property=\"og:site_name\" content=\"Scensverige\" \/>\n<meta property=\"article:modified_time\" content=\"2022-08-25T15:01:22+00:00\" \/>\n<meta property=\"og:image\" content=\"https:\/\/scensverige.se\/wp-content\/uploads\/2018\/11\/fb-bild.png\" \/>\n\t<meta property=\"og:image:width\" content=\"1600\" \/>\n\t<meta property=\"og:image:height\" content=\"630\" \/>\n\t<meta property=\"og:image:type\" content=\"image\/png\" \/>\n<meta name=\"twitter:card\" content=\"summary_large_image\" \/>\n<meta name=\"twitter:label1\" content=\"Est. reading time\" \/>\n\t<meta name=\"twitter:data1\" content=\"1 minute\" \/>\n<script type=\"application\/ld+json\" class=\"yoast-schema-graph\">{\"@context\":\"https:\\\/\\\/schema.org\",\"@graph\":[{\"@type\":\"WebPage\",\"@id\":\"https:\\\/\\\/scensverige.se\\\/en\\\/the-swedish-biennial-for-performing-arts-2022\\\/\",\"url\":\"https:\\\/\\\/scensverige.se\\\/en\\\/the-swedish-biennial-for-performing-arts-2022\\\/\",\"name\":\"The Swedish Biennial for Performing Arts 2022 - Scensverige\",\"isPartOf\":{\"@id\":\"https:\\\/\\\/scensverige.se\\\/#website\"},\"datePublished\":\"2021-07-01T15:12:08+00:00\",\"dateModified\":\"2022-08-25T15:01:22+00:00\",\"breadcrumb\":{\"@id\":\"https:\\\/\\\/scensverige.se\\\/en\\\/the-swedish-biennial-for-performing-arts-2022\\\/#breadcrumb\"},\"inLanguage\":\"en-US\",\"potentialAction\":[{\"@type\":\"ReadAction\",\"target\":[\"https:\\\/\\\/scensverige.se\\\/en\\\/the-swedish-biennial-for-performing-arts-2022\\\/\"]}]},{\"@type\":\"BreadcrumbList\",\"@id\":\"https:\\\/\\\/scensverige.se\\\/en\\\/the-swedish-biennial-for-performing-arts-2022\\\/#breadcrumb\",\"itemListElement\":[{\"@type\":\"ListItem\",\"position\":1,\"name\":\"Hem\",\"item\":\"https:\\\/\\\/scensverige.se\\\/en\\\/\"},{\"@type\":\"ListItem\",\"position\":2,\"name\":\"The Swedish Biennial for Performing Arts 2022\"}]},{\"@type\":\"WebSite\",\"@id\":\"https:\\\/\\\/scensverige.se\\\/#website\",\"url\":\"https:\\\/\\\/scensverige.se\\\/\",\"name\":\"Scensverige\",\"description\":\"M\u00f6tesplats f\u00f6r svensk och internationell scenkonst\",\"publisher\":{\"@id\":\"https:\\\/\\\/scensverige.se\\\/#organization\"},\"potentialAction\":[{\"@type\":\"SearchAction\",\"target\":{\"@type\":\"EntryPoint\",\"urlTemplate\":\"https:\\\/\\\/scensverige.se\\\/?s={search_term_string}\"},\"query-input\":{\"@type\":\"PropertyValueSpecification\",\"valueRequired\":true,\"valueName\":\"search_term_string\"}}],\"inLanguage\":\"en-US\"},{\"@type\":\"Organization\",\"@id\":\"https:\\\/\\\/scensverige.se\\\/#organization\",\"name\":\"Scensverige\",\"url\":\"https:\\\/\\\/scensverige.se\\\/\",\"logo\":{\"@type\":\"ImageObject\",\"inLanguage\":\"en-US\",\"@id\":\"https:\\\/\\\/scensverige.se\\\/#\\\/schema\\\/logo\\\/image\\\/\",\"url\":\"https:\\\/\\\/scensverige.se\\\/wp-content\\\/uploads\\\/2019\\\/01\\\/Scensverige_logotyp_800.png\",\"contentUrl\":\"https:\\\/\\\/scensverige.se\\\/wp-content\\\/uploads\\\/2019\\\/01\\\/Scensverige_logotyp_800.png\",\"width\":800,\"height\":186,\"caption\":\"Scensverige\"},\"image\":{\"@id\":\"https:\\\/\\\/scensverige.se\\\/#\\\/schema\\\/logo\\\/image\\\/\"}}]}<\/script>\n<!-- \/ Yoast SEO plugin. -->","yoast_head_json":{"title":"The Swedish Biennial for Performing Arts 2022 - Scensverige","robots":{"index":"index","follow":"follow","max-snippet":"max-snippet:-1","max-image-preview":"max-image-preview:large","max-video-preview":"max-video-preview:-1"},"canonical":"https:\/\/scensverige.se\/en\/the-swedish-biennial-for-performing-arts-2022\/","og_locale":"en_US","og_type":"article","og_title":"The Swedish Biennial for Performing Arts 2022 - Scensverige","og_description":"Swedish Performing Arts Coalition and V\u00e4stmanlands Teater is inviting you to V\u00e4ster\u00e5s in 2022! Summer still feels far away, but we work as the most diligent summer bees so that we can meet in V\u00e4ster\u00e5s in June. The week will be an opportunity to meet, talk, enjoy superb performing arts, share experiences, take part in &hellip;","og_url":"https:\/\/scensverige.se\/en\/the-swedish-biennial-for-performing-arts-2022\/","og_site_name":"Scensverige","article_modified_time":"2022-08-25T15:01:22+00:00","og_image":[{"width":1600,"height":630,"url":"https:\/\/scensverige.se\/wp-content\/uploads\/2018\/11\/fb-bild.png","type":"image\/png"}],"twitter_card":"summary_large_image","twitter_misc":{"Est. reading time":"1 minute"},"schema":{"@context":"https:\/\/schema.org","@graph":[{"@type":"WebPage","@id":"https:\/\/scensverige.se\/en\/the-swedish-biennial-for-performing-arts-2022\/","url":"https:\/\/scensverige.se\/en\/the-swedish-biennial-for-performing-arts-2022\/","name":"The Swedish Biennial for Performing Arts 2022 - Scensverige","isPartOf":{"@id":"https:\/\/scensverige.se\/#website"},"datePublished":"2021-07-01T15:12:08+00:00","dateModified":"2022-08-25T15:01:22+00:00","breadcrumb":{"@id":"https:\/\/scensverige.se\/en\/the-swedish-biennial-for-performing-arts-2022\/#breadcrumb"},"inLanguage":"en-US","potentialAction":[{"@type":"ReadAction","target":["https:\/\/scensverige.se\/en\/the-swedish-biennial-for-performing-arts-2022\/"]}]},{"@type":"BreadcrumbList","@id":"https:\/\/scensverige.se\/en\/the-swedish-biennial-for-performing-arts-2022\/#breadcrumb","itemListElement":[{"@type":"ListItem","position":1,"name":"Hem","item":"https:\/\/scensverige.se\/en\/"},{"@type":"ListItem","position":2,"name":"The Swedish Biennial for Performing Arts 2022"}]},{"@type":"WebSite","@id":"https:\/\/scensverige.se\/#website","url":"https:\/\/scensverige.se\/","name":"Scensverige","description":"M\u00f6tesplats f\u00f6r svensk och internationell scenkonst","publisher":{"@id":"https:\/\/scensverige.se\/#organization"},"potentialAction":[{"@type":"SearchAction","target":{"@type":"EntryPoint","urlTemplate":"https:\/\/scensverige.se\/?s={search_term_string}"},"query-input":{"@type":"PropertyValueSpecification","valueRequired":true,"valueName":"search_term_string"}}],"inLanguage":"en-US"},{"@type":"Organization","@id":"https:\/\/scensverige.se\/#organization","name":"Scensverige","url":"https:\/\/scensverige.se\/","logo":{"@type":"ImageObject","inLanguage":"en-US","@id":"https:\/\/scensverige.se\/#\/schema\/logo\/image\/","url":"https:\/\/scensverige.se\/wp-content\/uploads\/2019\/01\/Scensverige_logotyp_800.png","contentUrl":"https:\/\/scensverige.se\/wp-content\/uploads\/2019\/01\/Scensverige_logotyp_800.png","width":800,"height":186,"caption":"Scensverige"},"image":{"@id":"https:\/\/scensverige.se\/#\/schema\/logo\/image\/"}}]}},"_links":{"self":[{"href":"https:\/\/scensverige.se\/en\/wp-json\/wp\/v2\/pages\/28033","targetHints":{"allow":["GET"]}}],"collection":[{"href":"https:\/\/scensverige.se\/en\/wp-json\/wp\/v2\/pages"}],"about":[{"href":"https:\/\/scensverige.se\/en\/wp-json\/wp\/v2\/types\/page"}],"author":[{"embeddable":true,"href":"https:\/\/scensverige.se\/en\/wp-json\/wp\/v2\/users\/9192198"}],"replies":[{"embeddable":true,"href":"https:\/\/scensverige.se\/en\/wp-json\/wp\/v2\/comments?post=28033"}],"version-history":[{"count":6,"href":"https:\/\/scensverige.se\/en\/wp-json\/wp\/v2\/pages\/28033\/revisions"}],"predecessor-version":[{"id":30957,"href":"https:\/\/scensverige.se\/en\/wp-json\/wp\/v2\/pages\/28033\/revisions\/30957"}],"wp:attachment":[{"href":"https:\/\/scensverige.se\/en\/wp-json\/wp\/v2\/media?parent=28033"}],"curies":[{"name":"wp","href":"https:\/\/api.w.org\/{rel}","templated":true}]}}

<div class="wp-block-scensverige-image wp-block-scensverige-image"><div class="wp-block-scensverige-image__keep wp-block-scensverige-image__keep--image wp-block-scensverige-image__keep--center-center" style="padding-top: 56.341463414634%"><img srcset="https://scensverige.se/wp-content/uploads/2022/02/SCENKONSTBIENNALEN-Banner-1024x577.png 1024w, https://scensverige.se/wp-content/uploads/2022/02/SCENKONSTBIENNALEN-Banner-300x169.png 300w, https://scensverige.se/wp-content/uploads/2022/02/SCENKONSTBIENNALEN-Banner-768x433.png 768w, https://scensverige.se/wp-content/uploads/2022/02/SCENKONSTBIENNALEN-Banner-1536x865.png 1536w, https://scensverige.se/wp-content/uploads/2022/02/SCENKONSTBIENNALEN-Banner-1200x676.png 1200w, https://scensverige.se/wp-content/uploads/2022/02/SCENKONSTBIENNALEN-Banner-1400x789.png 1400w, https://scensverige.se/wp-content/uploads/2022/02/SCENKONSTBIENNALEN-Banner.png 1640w" alt="" class="wp-block-scensverige-image__image wp-image-28786" loading="lazy" /></div></div>


<h2 class="has-text-align-center wp-block-heading">Swedish Performing Arts Coalition and Västmanlands Teater is inviting you to Västerås in 2022! </h2>



<p>Summer still feels far away, but we work as the most diligent summer bees so that we can meet in Västerås in June. The week will be an opportunity to meet, talk, enjoy superb performing arts, share experiences, take part in seminars and not least, gather for festivities!</p>



<p>The jury has worked hard to select the best and most interesting that has been shown on the stages throughout the country. The biennial includes, in addition to the selected performances, seminars, talks, workshops and international guest performances.</p>



<p>The Performing Arts Biennale is an event that breaks social boundaries, sees the whole country as its audience and where the performing arts become a party for everyone!</p>



<p>See you on June 7-12 in Västerås!</p>



<p><a href="https://scensverige.se/scenkonstbiennalen/utvalda-produktioner-scenkonstbiennalen-2022/">Selected performances (in Swedish)</a></p>



<p><a href="https://scensverige.se/en/international-guest-performance/">The Garden, Nichole Canuso Dance Company &#8211; International Guest Perfomance</a></p>



<p>Please contact us if you need more information: <a href="mailto:biennal@scensverige.se">biennal@scensverige.se</a></p>

<p>Swedish Performing Arts Coalition and Västmanlands Teater is inviting you to Västerås in 2022! Summer still feels far away, but we work as the most diligent summer bees so that we can meet in Västerås in June. The week will be an opportunity to meet, talk, enjoy superb performing arts, share experiences, take part in &hellip;</p>

<!-- This site is optimized with the Yoast SEO plugin v27.3 - https://yoast.com/product/yoast-seo-wordpress/ -->
<title>The Swedish Biennial for Performing Arts 2022 - Scensverige</title>
<meta name="robots" content="index, follow, max-snippet:-1, max-image-preview:large, max-video-preview:-1" />
<link rel="canonical" href="https://scensverige.se/en/the-swedish-biennial-for-performing-arts-2022/" />
<meta property="og:locale" content="en_US" />
<meta property="og:type" content="article" />
<meta property="og:title" content="The Swedish Biennial for Performing Arts 2022 - Scensverige" />
<meta property="og:description" content="Swedish Performing Arts Coalition and Västmanlands Teater is inviting you to Västerås in 2022! Summer still feels far away, but we work as the most diligent summer bees so that we can meet in Västerås in June. The week will be an opportunity to meet, talk, enjoy superb performing arts, share experiences, take part in &hellip;" />
<meta property="og:url" content="https://scensverige.se/en/the-swedish-biennial-for-performing-arts-2022/" />
<meta property="og:site_name" content="Scensverige" />
<meta property="article:modified_time" content="2022-08-25T15:01:22+00:00" />
<meta property="og:image" content="https://scensverige.se/wp-content/uploads/2018/11/fb-bild.png" />
	<meta property="og:image:width" content="1600" />
	<meta property="og:image:height" content="630" />
	<meta property="og:image:type" content="image/png" />
<meta name="twitter:card" content="summary_large_image" />
<meta name="twitter:label1" content="Est. reading time" />
	<meta name="twitter:data1" content="1 minute" />
<script type="application/ld+json" class="yoast-schema-graph">{"@context":"https:\/\/schema.org","@graph":[{"@type":"WebPage","@id":"https:\/\/scensverige.se\/en\/the-swedish-biennial-for-performing-arts-2022\/","url":"https:\/\/scensverige.se\/en\/the-swedish-biennial-for-performing-arts-2022\/","name":"The Swedish Biennial for Performing Arts 2022 - Scensverige","isPartOf":{"@id":"https:\/\/scensverige.se\/#website"},"datePublished":"2021-07-01T15:12:08+00:00","dateModified":"2022-08-25T15:01:22+00:00","breadcrumb":{"@id":"https:\/\/scensverige.se\/en\/the-swedish-biennial-for-performing-arts-2022\/#breadcrumb"},"inLanguage":"en-US","potentialAction":[{"@type":"ReadAction","target":["https:\/\/scensverige.se\/en\/the-swedish-biennial-for-performing-arts-2022\/"]}]},{"@type":"BreadcrumbList","@id":"https:\/\/scensverige.se\/en\/the-swedish-biennial-for-performing-arts-2022\/#breadcrumb","itemListElement":[{"@type":"ListItem","position":1,"name":"Hem","item":"https:\/\/scensverige.se\/en\/"},{"@type":"ListItem","position":2,"name":"The Swedish Biennial for Performing Arts 2022"}]},{"@type":"WebSite","@id":"https:\/\/scensverige.se\/#website","url":"https:\/\/scensverige.se\/","name":"Scensverige","description":"Mötesplats för svensk och internationell scenkonst","publisher":{"@id":"https:\/\/scensverige.se\/#organization"},"potentialAction":[{"@type":"SearchAction","target":{"@type":"EntryPoint","urlTemplate":"https:\/\/scensverige.se\/?s={search_term_string}"},"query-input":{"@type":"PropertyValueSpecification","valueRequired":true,"valueName":"search_term_string"}}],"inLanguage":"en-US"},{"@type":"Organization","@id":"https:\/\/scensverige.se\/#organization","name":"Scensverige","url":"https:\/\/scensverige.se\/","logo":{"@type":"ImageObject","inLanguage":"en-US","@id":"https:\/\/scensverige.se\/#\/schema\/logo\/image\/","url":"https:\/\/scensverige.se\/wp-content\/uploads\/2019\/01\/Scensverige_logotyp_800.png","contentUrl":"https:\/\/scensverige.se\/wp-content\/uploads\/2019\/01\/Scensverige_logotyp_800.png","width":800,"height":186,"caption":"Scensverige"},"image":{"@id":"https:\/\/scensverige.se\/#\/schema\/logo\/image\/"}}]}</script>
<!-- / Yoast SEO plugin. -->

Swedish Performing Arts Coalition and Västmanlands Teater is inviting you to Västerås in 2022! Summer still feels far away, but we work as the most diligent summer bees so that we can meet in Västerås in June. The week will be an opportunity to meet, talk, enjoy superb performing arts, share experiences, take part in &hellip;

Mötesplats för svensk och internationell scenkonst
